 of a.
13, 17
Let c(z) = 59*z + 39 + 143*z - 299*z. List the prime factors of c(-4).
7, 61
Suppose -3*z + 17*z + 142512 = 38*z. List the prime factors of z.
2, 2969
Let b(v) = 249*v**2 + 255*v - 4369. List the prime factors of b(18).
80897
Suppose -x + 11445 - 45237 = -13*x. What are the prime factors of x?
2, 11
Let q = 297 - 1058. Let s = -350 - q. List the prime factors of s.
3, 137
Suppose -10*z + 20 = -12*z. List the prime factors of (2 - 488/z)*25/5.
2, 127
Let i(l) = -2*l**2 - 17 + 10*l + 30 + 2*l**2 + 2*l**2. Let m be i(-5). Let o = 211 - m. List the prime factors of o.
2, 3, 11
Let p = 58 - -35. Suppose -5474 = -p*r + 76*r. What are the prime factors of r?
2, 7, 23
Let g(d) be the third derivative of -11*d**4/12 - 10*d**3/3 - 3*d**2 - 61. Let n = -12 + 7. List the prime factors of g(n).
2, 3, 5
Let y(c) = 10*c - 42. Suppose -2*x + 48 + 16 = 2*d, -4*x = -4*d + 120. What are the prime factors of y(d)?
2, 67
Let f = 25 + -25. Suppose 110 = -h - 5*b, -504 = 5*h + 2*b - f*b. List the prime factors of (2/(-3))/(4/6) - h.
3, 11
List the prime factors of -7 - 0 - (743681 + -29)/(-42).
11, 1609
Suppose 23 + 21 = 4*w. Suppose 0 = -w*j + 2*j + 135. Suppose j = -5*p + 85. List the prime factors of p.
2, 7
Let a(u) = u - 11. Let v be a(17). Let d(x) = x**3 - 6*x**2 + 5. Let b be d(v). What are the prime factors of (-3 - -323)/b + 4?
2, 17
Let z = 14013 - 227. List the prime factors of z.
2, 61, 113
Suppose 19*v - 21*v - l = -39009, -3*v - l = -58511. What are the prime factors of v?
2, 7, 199
List the prime factors of (3/((-3)/(-53)))/((-10)/(-1222 + -8)).
3, 41, 53
List the prime factors of (-1212192)/(-378) + (-24)/(-21).
2, 401
List the prime factors of ((-5)/((-50)/(-104)))/(795732/28420 - 28).
2, 7, 13, 29
Let z be (-343)/119 - 6/51 - -2904. Suppose -4*g + 979 = -z. What are the prime factors of g?
2, 5, 97
Suppose -9 = 6*t + 15. Let m be 3/18 - 334/(-12) - t. Let l = 125 - m. List the prime factors of l.
3, 31
Let y(q) = -2*q**2 - 14*q + 5. Let n = 17 - 28. Let s be y(n). Let f = 142 + s. List the prime factors of f.
59
List the prime factors of 9 - (-252)/(-42) - (0 - 72005).
2, 9001
Let p be 16/3*((-15)/(-10))/1. Let z(r) = r**3 - 7*r**2 - 7*r - 5. Let t be z(p). Suppose 46 = t*n + 2*m, -4*m - m + 73 = 4*n. List the prime factors of n.
2, 3
List the prime factors of 3730/15*(-6)/(-4).
373
Let b be 5 + (-5 - (-2)/1). Suppose -1070 = 5*w + 5*s, -w - 1061 = 4*w + b*s. Let c = -133 - w. What are the prime factors of c?
2, 3, 13
Suppose 247 = -y - 636. Let a = y - -1430. List the prime factors of a.
547
Let y = -48098 + 75842. What are the prime factors of y?
2, 3, 17
Let k(q) = -290*q + 25. Let y be k(-2). Suppose 0 = -2*n - 2*l + 603 + y, -1228 = -2*n + 2*l. What are the prime factors of n?
3, 7, 29
Let a(s) = -s - 3. Let n be a(-1). List the prime factors of n*(9 - 4345/10).
23, 37
Let r = -2 - -43. Suppose -3*a - r + 5 = 0. What are the prime factors of (a/(-4) - 2) + 10?
11
Let t be (-1 - -6)*(-329)/35. Let m = t - -75. List the prime factors of m.
2, 7
Let t(g) = -g - 1. Let r = -41 - -40. Let m(x) = -4*x**2 + 12*x - 3. Let w(f) = r*m(f) + 4*t(f). List the prime factors of w(6).
47
Suppose 0 = -9*i + 2294 + 7678. Let f = i + -633. What are the prime factors of f?
5, 19
Let z(o) = -2*o + 34. Let t(j) = -3*j + 68. Let d(y) = 2*t(y) - 5*z(y). Let u be d(16). What are the prime factors of ((-14)/35)/((-3)/u)?
2
Let d(y) be the first derivative of 5*y**2/2 + 79*y + 16. List the prime factors of d(11).
2, 67
Let z(r) = -42*r + 346. Let o(t) = -3*t - 8. Let p be o(7). List the prime factors of z(p).
2, 17, 23
Suppose 175763 = 5*z - 59*c + 61*c, 0 = 3*z + 5*c - 105473. List the prime factors of z.
3, 11717
Let n = 58 - 45. What are the prime factors of 1 + 3 + 20/(-5) + n?
13
Let r(t) = 8309*t**2 - 12*t - 13. What are the prime factors of r(-1)?
2, 31, 67
Let y be ((-2)/4*1)/(4/(-144)). Let l(q) = -q**3 + 19*q**2 - 17*q + 1. Let s be l(y). Let n(v) = 9*v - 34. List the prime factors of n(s).
137
Suppose -39519 = -162*p + 41527 + 30734. List the prime factors of p.
2, 3, 5, 23
Let n(c) = c - 12. Let s be n(24). Suppose s*y + 1037 = 29*y. List the prime factors of y.
61
Suppose -3*s = 2*s - 535. Suppose -2*z + s = -135. List the prime factors of z.
11
Let d = -4593 + 5030. What are the prime factors of d?
19, 23
List the prime factors of 3/168*21 - (-6)/48*180117.
3, 5, 19, 79
Let g be (-3 - -2)/(-3) - (-590)/30. Suppose -g*i + 18486 = 3086. List the prime factors of i.
2, 5, 7, 11
Suppose -2*g + 19618 = 2*t + 582, -9498 = -g + 4*t. List the prime factors of g.
2, 67, 71
Let d be 87814/230 + (-1 - (-12)/10). Let m = 506 - d. What are the prime factors of m?
2, 31
Suppose -25*a = 342596 - 954096. List the prime factors of a.
2, 5, 1223
Suppose 5*h = -3*q + 78583 + 74647, 3*q + 153200 = 5*h. Suppose -28*k + h = -7465. List the prime factors of k.
1361
Suppose -4*y - q + 9 = 0, -5 = -4*y + 3*q - 0*q. Let l be -1 + -1 + 0 + y. Suppose 0 = 3*u - l*u - 93. List the prime factors of u.
31
Let a(h) = -8*h + 36. Let s be a(7). Let i(c) = -3*c - 62. Let z be i(s). What are the prime factors of z*(1 - ((-1404)/8)/(-9))?
37
Let s(p) = p**3 + 7*p**2 - 21*p - 21. Let x be s(-9). Suppose 0 = -4*v + 2*m + 624, v = x*v - 3*m - 782. List the prime factors of v.
2, 7, 11
Suppose -40*x - 35*x = -74*x + 100. Let r be 1 + 262 + 1/1. Let m = r + x. List the prime factors of m.
2, 41
Let u(o) = 39*o + 3. Let k be u(-4). Let l = 432 - 667. Let h = k - l. What are the prime factors of h?
2, 41
Let s = 124 - 61. List the prime factors of (-171)/(-4) + s/(-84).
2, 3, 7
Let h be -30 - (7 + -2) - 4. What are the prime factors of 6/h + 5 + (-23740)/(-13)?
1831
Let k be 98/10*(7 - -3). Let m = k + -78. List the prime factors of m.
2, 5
Let k(b) = -b**2 - 46*b + 4. Let c be k(-46). Suppose -3*v + 4*f = -229 - 20, -c*v + 332 = 5*f. List the prime factors of v.
83
Let g(l) = -l**3 - 14*l**2 - 13*l - 1. Let c be g(-13). Let u = c + 5. Suppose -u*b + o = -0*b - 299, o = -3. What are the prime factors of b?
2, 37
Suppose 4*g + 482 = -2*n, -39*n - 227 = 2*g - 36*n. Let t be ((-124)/6)/(4/12). Let a = t - g. What are the prime factors of a?
2, 31
Let z = 606 + -610. List the prime factors of -12*((-38)/4 + z + 8).
2, 3, 11
Let k be 3/((-12)/(-10))*(-6)/(-1). Suppose 5*o + 3 = -5*h + 8, 5*h = -o - k. Suppose -o*a + a = -148. What are the prime factors of a?
37
Let b(t) = -t**2 + 11*t - 17. Let k be b(10). List the prime factors of (132/(-18) - k) + (-727)/(-3).
2, 11
Let c(i) = -712*i - 3036. What are the prime factors of c(-38)?
2, 5, 1201
Let o(r) = 3*r**2 + 74*r + 79. Let d = 561 + -598. List the prime factors of o(d).
2, 181
Let l(i) = -8*i + 5. Let t be l(-2). What are the prime factors of ((-56)/t)/(-4)*(-858)/(-4)?
11, 13
Let j(d) = -d**3 - 4*d**2 - d + 6. Let q be j(-3). Suppose 0 = -6*o - q*o - 210. What are the prime factors of -1 + -5 + 4 - o?
3, 11
Suppose -d - 8*d + 1233 = 0. Suppose 109 = 3*o - d. Suppose o*s - 78*s = 440. List the prime factors of s.
2, 5, 11
Suppose 11*p = 8*p + 14274. Suppose -p = -8*b + 5*b. What are the prime factors of b?
2, 13, 61
Suppose 0 = 5*p - 1 - 4. Let n = -13 - -8. What are the prime factors of (330/(-25))/((p/n)/1)?
2, 3, 11
Let k = -322 + 357. List the prime factors of (1428/k)/(-4*(-2)/20).
2, 3, 17
Let t(d) = -2*d + 14. Let r be t(7). Suppose 5*h - 2848 = 4*f, -2*h + 3*f - 44 + 1179 = r. What are the prime factors of h?
2, 11, 13
Let n(u) = 163 - 75 - 74 - 29*u - 3*u**2. Let h be n(-10). Suppose 0 = r - 5*s - 73, -5*r + h*s + 237 = -107. What are the prime factors of r?
2, 17
Let a(n) = 5*n**2 + 3*n + 6. Let g(k) = -k**2 - 11*k - 29. Let p be g(-9). Let s be ((4/(-14))/(p/154))/(-2). List the prime factors of a(s).
2, 5
Let k(a) = a**3 - 5*a**2 - 4*a - 10. Let n be k(6). Suppose -n*c + 64 - 16 = 0. Suppose 3*h - 6 = -3*d, 4*h - 3*d = 2*h + c. List the prime factors of h.
2, 3
What are the prime factors of (33/22)/((-48)/(-1628576))?
50893
Suppose 0 = -y - 0*p - 2*p - 8, 2*y + 8 = -2*p. Suppose 32*s - 11939 - 15741 = y. What are the prime factors of s?
5, 173
Let r = 14 + -16. List the prime factors of (104/(-20))/(r/130).
2, 13
Let f be 86 + -7 - (-7 + 1). Let q = f + 53. List the prime factors of q.
2, 3, 23
Let z = -149 - 481. Let a